s).
2
Let c = 15 + -12. Suppose 4 = d - c*d. Let b(w) = -38*w + 23. Let p(f) = -13*f + 8. Let s(j) = 6*b(j) - 17*p(j). Determine s(d).
16
Let w(d) = d**2 - 2*d - 2. Let t be w(-1). Let l(y) = 1 + 0 + t + 4*y. Determine l(-3).
-10
Let q(l) = 2*l**3 - 3*l**2. Let m be 5 - ((-5)/((-30)/6) + 2). Give q(m).
4
Let u(j) = -3*j - 3*j**2 + 2*j + j**3 + j**3 + 2. Let q be 1/6 - (-61)/(-6). Let d be 4/(-10) + (-24)/q. Give u(d).
4
Let r be (23 - 22)/(-2 - 13/(-7)). Let l(g) = -g**2 - 5*g + 8. Determine l(r).
-6
Let b(s) = -s**3 + s + 5. Suppose -3*j + 5*i - 3*i - 6 = 0, 6 = -4*j + 2*i. Determine b(j).
5
Let l(b) = -42*b + 46. Let m(y) = 13*y - 14. Let p(t) = -3*l(t) - 10*m(t). Give p(10).
-38
Suppose -r - 3*r = 12. Let f(j) = -16*j - 82. Let u(d) = 9*d + 51. Let i(y) = -5*f(y) - 8*u(y). Calculate i(r).
-22
Let n(b) = 23*b - 17. Let k(y) = 8*y - 6. Let d(c) = -17*k(c) + 6*n(c). Suppose 2*v + 3*a = v + 3, 2*a + 24 = -5*v. Let f be 12/(-3) + (-3 - v). Calculate d(f).
-2
Suppose -3*c = -4*j - 10, -4*j + 4*c - 7*c + 2 = 0. Let w(t) = 10*t. Determine w(j).
-10
Let q(y) = y - 1. Suppose 13 = -3*c + 3*t + 4, c - 5*t = 5. Give q(c).
-6
Let j(i) = -i**2 - 2*i + 5. Let m(b) be the second derivative of -b**3/6 + 4*b**2 - 6*b. Let o be m(8). Suppose 3*c - c + 8 = o. Calculate j(c).
-3
Let i(y) = 40*y**3 + 2*y + 1. Let p(r) = -2*r + 13. Let z be p(7). Give i(z).
-41
Suppose 5*p - 5*f - 27 + 162 = 0, -p + 3*f = 35. Let s(q) = q**3 + 24*q**2 + 24*q + 22. What is s(p)?
-1
Suppose -s - 3*s = 2*f + 28, 4*f + 32 = -2*s. Suppose -3 = -6*x + 9*x. Let j be f/(-6) + 1*x. Let t(o) = -o**3 - o**2 + o - 7. Give t(j).
-7
Let x(q) = 0 + 10*q - 7*q - 8. Calculate x(2).
-2
Let s(q) = -q**2 - 8*q - 5. Suppose n - 25 = 4*f, 4*f + 10 - 255 = -5*n. Suppose -n = 2*z - 29. Give s(z).
-5
Let c(y) be the third derivative of y**5/60 + y**4/3 + 8*y**3/3 - 344*y**2. Give c(-6).
4
Suppose -32 = 8*k - 7*k. Let f = k - -31. Let g(c) = -3*c**2 + 2*c. Let z(o) = 4*o**2 - 2*o. Let w(b) = -5*g(b) - 4*z(b). Give w(f).
1
Let q(f) = 2*f - 2. Let m(t) = -t**2 + 13*t - 7. Let k(z) = -m(z) + 6*q(z). What is k(5)?
15
Let g be (36/2)/(96/12 - 10). Let b(a) = a**3 + 9*a**2 + 2*a + 9. Determine b(g).
-9
Let o = -113 - -119. Let y(c) = -c**3 + 4*c**2 + 7*c + 1. Calculate y(o).
-29
Let c(m) = m**2 - 2*m + 10. Suppose 7*x + x = -12*x. Calculate c(x).
10
Let d(h) = 26*h - 1. Suppose -13*x + 9 = -4. Determine d(x).
25
Let t = 108 + -106. Let q(k) = -11*k - 9*k + t*k**2 + 26*k. Determine q(-5).
20
Let u(f) = -2*f + 2. Suppose -3 = -32*x + 31*x. Calculate u(x).
-4
Let x = 190 - 192. Let g(i) = -i**2 - 2*i + 2. What is g(x)?
2
Let q(i) = 5*i**3 + 2*i**2 + i. Let d(s) = 11*s**3 + 4*s**2 + 3*s - 1. Let r(p) = 4*d(p) - 9*q(p). Calculate r(-3).
-4
Let h(x) = 3*x + 20. Let t(m) = 3*m + 21. Let g(w) = 6*h(w) - 5*t(w). Give g(-4).
3
Let s(p) be the second derivative of -p**3/3 + 3*p**2/2 - 27*p. What is s(-1)?
5
Suppose -4*n - b - b = 26, 4*n + b = -29. Let c(o) = o**2 + 9*o - 8. Calculate c(n).
-16
Let z(w) be the first derivative of -w**3/3 - 5*w**2/2 + 2*w + 215. Calculate z(-6).
-4
Let s(d) be the first derivative of -d**3 - 2*d**2 - 4*d + 297. What is s(-4)?
-36
Suppose 3*z - 5*z = 0. Let b(t) = -2 + z + 4 - 3*t + 2. Suppose h - 1 = 4. What is b(h)?
-11
Let r(d) be the first derivative of -d**2/2 - 6*d + 750. Let t = -16 + 10. Give r(t).
0
Suppose 2*y - 10 = -2*s, 15 = 3*s + 3*y - y. Suppose s = 8*n - 3*n. Suppose -n = 7*i - 6*i. Let j(g) = -5*g**3 + g**2 + g. Give j(i).
5
Let r(t) = t**3 + 4*t**2 - 3*t - 6. Let h be 424/40 + 3/(-5). Let p = 3 + -1. Suppose 2*i + 2*k + 0 = -2, -4*i = p*k + h. Give r(i).
6
Let y(k) = k**2 + 13*k - 19. Let p(a) = -15*a**3 - a**2 + 47*a - 46. Let d be p(1). Give y(d).
11
Let k = -2 - -8. Let s(p) = -2*p**3 + 4*p**2 + k - 2 - 3*p - 2. Let z(q) = -11*q - 42. Let w be z(-4). What is s(w)?
-4
Let w(k) = 14*k + 171. Let z be w(-12). Let x(q) = -2*q**2 + 2*q - 2. Calculate x(z).
-14
Let o(i) = 5*i + 4. Let q(t) = 6*t + 5. Let z(r) = 4*o(r) - 3*q(r). Suppose 0 = 2*f - 171 + 165. What is z(f)?
7
Let s be (34/(-8) + 4)/(1/(-4)). Let u(k) = -k**2 + k. Let z(q) = -4*q**2 + 3*q. Let c(o) = -3*u(o) + z(o). Calculate c(s).
-1
Let g(c) be the third derivative of 0*c**3 + c**2 + 1/15*c**5 + 0 + 0*c + 1/120*c**6 + 1/24*c**4. Calculate g(-4).
-4
Let l(k) be the third derivative of -k**5/60 + k**4/24 + 2*k**3/3 - k**2 - k. Calculate l(4).
-8
Let i(a) be the first derivative of -a**4/4 - a**3/3 + 3*a**2/2 + 2*a + 8. Suppose 3*t - d + 3*d - 40 = 0, 10 = 3*t - 4*d. Let s = t + -12. Determine i(s).
0
Let m = -6 - -10. Let p(h) be the first derivative of h**5/60 - 5*h**4/24 - 5*h**3/3 + 7. Let r(l) be the third derivative of p(l). Give r(m).
3
Let z(g) = 4 + 2 - 2*g - 6 - 2*g. Calculate z(-5).
20
Let q(k) = -2*k - k**2 - k**2 - 10 + 22 - 13 + 8*k**3. Let y = -15 - -14. Determine q(y).
-9
Let p(j) = -2*j + 5. Suppose 106 = -3*s - 2*s - 4*h, -4*s + 5*h = 93. Let z = -17 - s. Give p(z).
-5
Let v = -532 - -540. Let y(f) = 2*f + 8. What is y(v)?
24
Let h(s) = s**2 - 3*s + 3. Let j(d) = 2*d + 4. Let v(l) = -h(l) + 4*j(l). What is v(12)?
1
Let t = -20 + 20. Let q(w) = t*w + 0*w + w - 1 + 2*w. Determine q(3).
8
Let f(w) = -13*w + 1. Let g(d) = -7*d + 1. Let s(p) = -6*f(p) + 11*g(p). Calculate s(-9).
-4
Suppose 22 = -2*g - 2*w, -w = w + 10. Let t(r) be the first derivative of r**4/4 + 5*r**3/3 - 7*r**2/2 - 4*r + 258. Determine t(g).
2
Let a(o) = -5*o - 16. Let g be a(-4). Suppose 2*k - 8 = g. Let s(x) = -x**2 + 8*x - 5. Determine s(k).
7
Let y = 104 - 103. Let o(d) = 20*d**3 + d**2 - 1. Determine o(y).
20
Let f(j) = 6*j + 3. Let d be ((-8)/(-24))/((-2)/(-12)). Let s be d/9 + (-180)/81. Calculate f(s).
-9
Let v(m) be the second derivative of m**5/20 + 5*m**4/6 - 5*m**3/3 + 7*m**2 + 2*m + 7. Give v(-11).
3
Let j be ((-84)/(-70))/(3/10). Let d(g) = g**2 - 6*g + 1. Let o be d(j). Let y(n) = n**3 + 8*n**2 + 5*n - 6. Calculate y(o).
8
Let m(w) = -w**3 + 6*w**2 - 2*w - 3. Let a be 4*-3*3/(-9). Calculate m(a).
21
Let h(f) be the first derivative of f**4/4 + 7*f**3/3 - f**2/2 - 7*f - 211. Give h(-7).
0
Let h(b) = -b**2 + 7*b + 1. Let g be h(7). Let x = -60 - -62. Let k(w) = -14*w**2 + 1 - 5*w**2 - 2*w**3 - w + 18*w**x. What is k(g)?
-3
Let z(h) = h**2 + 4*h - 6. Suppose -4*s + 2*w + 34 = 0, 0*s = s - 4*w - 26. Suppose -2*x - 23 = 5*k, 0*k - s = k - x. Calculate z(k).
-1
Let d(c) be the second derivative of 3*c**3 - c**2/2 - 106*c. Let j(h) = h + 4. Let u be j(-5). Give d(u).
-19
Let o(v) = v**3 - v**2 + v - 1. Let j(i) = -2*i**3 + 7*i**2 - 3*i - 2. Let q = 0 - -3. Let a(w) = q*o(w) + j(w). Determine a(-4).
-5
Let n(f) = -f**2 + 4*f - 7. Let b be n(3). Let w(k) = -8*k - 8. Let i be w(b). Suppose 9 = 3*j + i. Let q(m) = m**2 + 5*m - 7. What is q(j)?
-7
Let z(m) = m**3 + 2*m**2 + 3*m + 2. Let v be z(0). Let h(s) be the first derivative of -v*s**2 + 1/3*s**3 - 5*s + 5. Determine h(6).
7
Let i(m) = -m**2 + 5*m + 18. Let c be i(7). Let a(y) = -3*y - 5. Calculate a(c).
-17
Let r(o) = 5*o - 2. Let w(s) be the second derivative of s**3/6 - s**2/2 + s. Suppose 0 = k - 358 + 352. Let j(q) = k*w(q) - 2*r(q). Determine j(2).
-10
Let w = -1 + -1. Let k = -1 - w. Let d(p) = 238*p + 3*p**2 + 51*p - 288*p. What is d(k)?
4
Let c(w) = w + 4. Suppose 4*n + 20 = 5*t - 439, -2*n - 237 = 5*t. Let p be (-12)/90 + n/30. Determine c(p).
0
Let j(f) = f**3 - f**2 - 1. Let a be -9*(-4 + 5 + 15/(-9)). Let c(w) = 2*w**3 + 8*w**2 + w + 6. Let g(o) = a*j(o) + c(o). Give g(-1).
-7
Let g(y) be the first derivative of y**3/3 - 3*y**2 - 10*y - 5. Suppose 22*t + 5*s - 24 = 20*t, -4*s = -4*t + 20. Determine g(t).
-3
Suppose 0 = -3*o + 3 + 15. Let l(p) = p. Let u(m) = m - 1. Suppose 0 = 2*j + 5*c - 13, -4*j - 1 + 12 = -5*c. Let i(g) = j*l(g) - 3*u(g). Give i(o).
9
Let m be 1*(4 - (-12)/(-4)). Let u be ((-1)/(-2))/(4/16). Let v(h) = h**u + h**2 - h**2 - h. Calculate v(m).
0
Let w(s) = s**3 - 3*s**2 + s. Let a = 28 - -3. Suppose 3*u - f - 19 = 0, -3*u = f - 5*f - a. Suppose -3*d = -u*d + 4. Determine w(d).
-2
Let i(y) = -y**3 + y**2 - y - 1. Let u(n) = -5*n**3 - n**2 + 2*n - 18. Let o(v) = 4*i(v) - u(v). What is o(-6)?
14
Let d(t) = -t + 13. Let s = -228 - -237. Give d(s).
4
Let b(c) = 11*c + 10. Let s(d) = -20*d - 19. Let z(h) = -11*b(h) - 6*s(h). Suppose -o + 17 = -w